{"id":626,"date":"2024-12-11T17:01:41","date_gmt":"2024-12-11T20:01:41","guid":{"rendered":"https:\/\/msuecia.com\/?page_id=626"},"modified":"2025-10-17T17:22:39","modified_gmt":"2025-10-17T20:22:39","slug":"nosotros","status":"publish","type":"page","link":"https:\/\/msuecia.com\/?page_id=626","title":{"rendered":"Nosotros"},"content":{"rendered":"<section class=\"wpb-content-wrapper\"><p>[vc_row full_width=&#8221;stretch_row_content_no_spaces&#8221; css=&#8221;.vc_custom_1734100887383{background-color: #dd1616 !important;}&#8221;][vc_column][vc_empty_space height=&#8221;5px&#8221;][\/vc_column][\/vc_row][vc_row full_width=&#8221;stretch_row&#8221; css=&#8221;.vc_custom_1734106455124{background-color: #ffffff !important;}&#8221;][vc_column][vc_empty_space][vc_video link=&#8221;https:\/\/youtu.be\/Fottgh50xkU&#8221;][vc_empty_space][\/vc_column][\/vc_row][vc_row full_width=&#8221;stretch_row_content_no_spaces&#8221;][vc_column][vc_empty_space height=&#8221;72px&#8221;][\/vc_column][\/vc_row][vc_row full_width=&#8221;stretch_row_content_no_spaces&#8221;][vc_column width=&#8221;1\/6&#8243;][\/vc_column][vc_column width=&#8221;2\/3&#8243;][vc_row_inner][vc_column_inner width=&#8221;1\/2&#8243; css=&#8221;.vc_custom_1734100934597{margin-right: 15px !important;margin-left: 15px !important;border-radius: 15px !important;}&#8221;][vc_empty_space][vc_custom_heading text=&#8221;Misi\u00f3n&#8221; font_container=&#8221;tag:h2|text_align:center|color:%230a0a0a&#8221; use_theme_fonts=&#8221;yes&#8221; css=&#8221;.vc_custom_1734100965240{border-radius: 4px !important;}&#8221;][vc_column_text]<\/p>\n<p style=\"text-align: center;\"><span style=\"color: #000000;\"><strong>\u201cProveer soluciones de fabricaci\u00f3n y dise\u00f1o de mobiliario para<\/strong><\/span><br \/>\n<span style=\"color: #000000;\"><strong>empresas, inmobiliarias y particulares, con distribuci\u00f3n a nivel nacional&#8221;<\/strong><\/span><\/p>\n<p>[\/vc_column_text][vc_empty_space height=&#8221;60px&#8221;][\/vc_column_inner][vc_column_inner width=&#8221;1\/2&#8243; css=&#8221;.vc_custom_1734100985226{margin-right: 15px !important;margin-left: 15px !important;border-radius: 15px !important;}&#8221;][vc_empty_space][vc_custom_heading text=&#8221;Visi\u00f3n&#8221; font_container=&#8221;tag:h2|text_align:center|color:%230a0a0a&#8221; use_theme_fonts=&#8221;yes&#8221; css=&#8221;.vc_custom_1734101015582{border-radius: 4px !important;}&#8221;][vc_column_text]<\/p>\n<p style=\"text-align: center;\"><span style=\"color: #000000;\">\u201cSer una empresa l\u00edder y destacada a nivel nacional, por ofrecer a nuestros clientes la mejor calidad de nuestros productos y servicios. Dirigida y guiada por profesionales expertos en las diferentes \u00e1reas&#8221;.<\/span><\/p>\n<p>[\/vc_column_text][vc_empty_space][\/vc_column_inner][\/vc_row_inner][\/vc_column][vc_column width=&#8221;1\/6&#8243;][\/vc_column][\/vc_row][vc_row full_width=&#8221;stretch_row_content_no_spaces&#8221;][vc_column][vc_empty_space height=&#8221;72px&#8221;][\/vc_column][\/vc_row][vc_row full_width=&#8221;stretch_row_content_no_spaces&#8221; css=&#8221;.vc_custom_1734101135622{background-color: #c60b0b !important;}&#8221;][vc_column][vc_empty_space height=&#8221;5px&#8221;][\/vc_column][\/vc_row][vc_row full_width=&#8221;stretch_row_content_no_spaces&#8221;][vc_column][vc_custom_heading text=&#8221;Historia&#8221; font_container=&#8221;tag:h1|text_align:center|color:%23000000&#8243; google_fonts=&#8221;font_family:Oswald%3A300%2Cregular%2C700|font_style:300%20light%20regular%3A300%3Anormal&#8221;][\/vc_column][\/vc_row][vc_row full_width=&#8221;stretch_row&#8221;][vc_column width=&#8221;1\/2&#8243;][vc_empty_space][vc_single_image image=&#8221;657&#8243; img_size=&#8221;full&#8221; alignment=&#8221;center&#8221;][vc_column_text]Muebles Suecia SPA es una empresa con sede en Chill\u00e1n, cuyo legado se remonta a su fundaci\u00f3n en 2006. Con m\u00e1s de 18 a\u00f1os de trayectoria en el sector de la manufactura de muebles, nos enorgullece haber establecido un est\u00e1ndar de excelencia en cada aspecto de nuestro trabajo.<\/p>\n<p>Desde nuestros modestos inicios, nos hemos distinguido por nuestra dedicaci\u00f3n inquebrantable a la satisfacci\u00f3n del cliente. Nos esforzamos constantemente por superar las expectativas, ofreciendo productos que destacan por su dise\u00f1o exclusivo, calidad excepcional en materiales y acabados, as\u00ed como por un servicio que es sin\u00f3nimo de atenci\u00f3n y profesionalismo.<\/p>\n<p>En el coraz\u00f3n de nuestro \u00e9xito est\u00e1 nuestro equipo humano. Reunimos a un grupo diverso de profesionales altamente capacitados y apasionados por su labor.[\/vc_column_text][\/vc_column][vc_column width=&#8221;1\/2&#8243;][vc_empty_space][vc_single_image image=&#8221;659&#8243; img_size=&#8221;full&#8221; alignment=&#8221;center&#8221; style=&#8221;vc_box_rounded&#8221;][vc_column_text]Con un enfoque multidisciplinario, aprovechamos al m\u00e1ximo nuestros conocimientos y habilidades para abordar cada desaf\u00edo con creatividad y eficacia.<\/p>\n<p>Valoramos profundamente el compromiso de nuestros colaboradores, conscientes de que su esfuerzo diario es el motor que impulsa el crecimiento continuo de nuestra empresa. Creemos firmemente en el desarrollo personal y profesional de cada individuo dentro de nuestro equipo, y nos esforzamos por crear un entorno que fomente el aprendizaje, la colaboraci\u00f3n y el crecimiento mutuo.<\/p>\n<p>En resumen, en Muebles Suecia SPA no solo fabricamos muebles, sino que tambi\u00e9n construimos relaciones s\u00f3lidas con nuestros clientes y empleados. Estamos comprometidos a seguir siendo l\u00edderes en nuestro sector, impulsados por nuestra pasi\u00f3n por la excelencia y nuestra dedicaci\u00f3n a la calidad en todo lo que hacemos.[\/vc_column_text][\/vc_column][\/vc_row][vc_row full_width=&#8221;stretch_row&#8221;][vc_column][vc_empty_space][\/vc_column][\/vc_row]<\/p>\n<\/section>","protected":false},"excerpt":{"rendered":"<p>[vc_row full_width=&#8221;stretch_row_content_no_spaces&#8221; css=&#8221;.vc_custom_1734100887383{background-color: #dd1616 !important;}&#8221;][vc_column][vc_empty_space height=&#8221;5px&#8221;][\/vc_column][\/vc_row][vc_row full_width=&#8221;stretch_row&#8221; css=&#8221;.vc_custom_1734106455124{background-color: #ffffff !important;}&#8221;][vc_column][vc_empty_space][vc_video link=&#8221;https:\/\/youtu.be\/Fottgh50xkU&#8221;][vc_empty_space][\/vc_column][\/vc_row][vc_row full_width=&#8221;stretch_row_content_no_spaces&#8221;][vc_column][vc_empty_space height=&#8221;72px&#8221;][\/vc_column][\/vc_row][vc_row full_width=&#8221;stretch_row_content_no_spaces&#8221;][vc_column width=&#8221;1\/6&#8243;][\/vc_column][vc_column width=&#8221;2\/3&#8243;][vc_row_inner][vc_column_inner width=&#8221;1\/2&#8243; css=&#8221;.vc_custom_1734100934597{margin-right: 15px !important;margin-left: 15px !important;border-radius: 15px !important;}&#8221;][vc_empty_space][vc_custom_heading text=&#8221;Misi\u00f3n&#8221; font_container=&#8221;tag:h2|text_align:center|color:%230a0a0a&#8221; use_theme_fonts=&#8221;yes&#8221; css=&#8221;.vc_custom_1734100965240{border-radius: 4px !important;}&#8221;][vc_column_text]&#8230;<\/p>\n","protected":false},"author":1,"featured_media":0,"parent":0,"menu_order":0,"comment_status":"closed","ping_status":"closed","template":"","meta":{"_uag_custom_page_level_css":"","footnotes":""},"class_list":["post-626","page","type-page","status-publish","hentry"],"uagb_featured_image_src":{"full":false,"thumbnail":false,"medium":false,"medium_large":false,"large":false,"1536x1536":false,"2048x2048":false,"enside-blog-thumb":false,"enside-blog-thumb-widget":false,"enside-portfolio-thumb-square":false,"enside-portfolio-large":false,"enside-portfolio-nav":false,"enside-reviews-avatar":false,"woocommerce_thumbnail":false,"woocommerce_single":false,"woocommerce_gallery_thumbnail":false},"uagb_author_info":{"display_name":"dsaavedra_msuecia","author_link":"https:\/\/msuecia.com\/?author=1"},"uagb_comment_info":0,"uagb_excerpt":"[vc_row full_width=&#8221;stretch_row_content_no_spaces&#8221; css=&#8221;.vc_custom_1734100887383{background-color: #dd1616 !important;}&#8221;][vc_column][vc_empty_space height=&#8221;5px&#8221;][\/vc_column][\/vc_row][vc_row full_width=&#8221;stretch_row&#8221; css=&#8221;.vc_custom_1734106455124{background-color: #ffffff !important;}&#8221;][vc_column][vc_empty_space][vc_video link=&#8221;https:\/\/youtu.be\/Fottgh50xkU&#8221;][vc_empty_space][\/vc_column][\/vc_row][vc_row full_width=&#8221;stretch_row_content_no_spaces&#8221;][vc_column][vc_empty_space height=&#8221;72px&#8221;][\/vc_column][\/vc_row][vc_row full_width=&#8221;stretch_row_content_no_spaces&#8221;][vc_column width=&#8221;1\/6&#8243;][\/vc_column][vc_column width=&#8221;2\/3&#8243;][vc_row_inner][vc_column_inner width=&#8221;1\/2&#8243; css=&#8221;.vc_custom_1734100934597{margin-right: 15px !important;margin-left: 15px !important;border-radius: 15px !important;}&#8221;][vc_empty_space][vc_custom_heading text=&#8221;Misi\u00f3n&#8221; font_container=&#8221;tag:h2|text_align:center|color:%230a0a0a&#8221; use_theme_fonts=&#8221;yes&#8221; css=&#8221;.vc_custom_1734100965240{border-radius: 4px !important;}&#8221;][vc_column_text]...","_links":{"self":[{"href":"https:\/\/msuecia.com\/index.php?rest_route=\/wp\/v2\/pages\/626","targetHints":{"allow":["GET"]}}],"collection":[{"href":"https:\/\/msuecia.com\/index.php?rest_route=\/wp\/v2\/pages"}],"about":[{"href":"https:\/\/msuecia.com\/index.php?rest_route=\/wp\/v2\/types\/page"}],"author":[{"embeddable":true,"href":"https:\/\/msuecia.com\/index.php?rest_route=\/wp\/v2\/users\/1"}],"replies":[{"embeddable":true,"href":"https:\/\/msuecia.com\/index.php?rest_route=%2Fwp%2Fv2%2Fcomments&post=626"}],"version-history":[{"count":52,"href":"https:\/\/msuecia.com\/index.php?rest_route=\/wp\/v2\/pages\/626\/revisions"}],"predecessor-version":[{"id":1050,"href":"https:\/\/msuecia.com\/index.php?rest_route=\/wp\/v2\/pages\/626\/revisions\/1050"}],"wp:attachment":[{"href":"https:\/\/msuecia.com\/index.php?rest_route=%2Fwp%2Fv2%2Fmedia&parent=626"}],"curies":[{"name":"wp","href":"https:\/\/api.w.org\/{rel}","templated":true}]}}